-2
Let i(x) = -2*x + 3*x + 1 - 2*x. Let v be i(-2). Let z(f) be the third derivative of f**4/24 + 2*f**2. Calculate z(v).
3
Let n(l) = -7*l**3 + 5*l**2 + 5*l - 6. Let q(b) = 3*b**3 - 2*b**2 - 2*b + 3. Let x(p) = -2*n(p) - 5*q(p). Let k = 11 - 11. Give x(k).
-3
Let h(m) be the third derivative of 0*m + 1/120*m**6 - 7*m**2 + 0 - 2/3*m**3 + 5/24*m**4 + 1/10*m**5. What is h(-5)?
-4
Let m(w) = 9*w. Let v be 1/5 - 30/25. Calculate m(v).
-9
Let y(c) be the second derivative of -c**4/12 - c**3/2 + c**2/2 + 2*c. Let v be 7/2 + (-1)/(-2). Suppose 3*s = 4*s + v. What is y(s)?
-3
Let o(s) = -s**2 - 7*s - 3. Let f be 7/2*-2 + 2 + -1. Calculate o(f).
3
Let b = 0 + 2. Let j(p) = 4*p - 5*p - 4 - b*p**2 + 3. Let y = -35 - -34. Determine j(y).
-2
Let d(t) = -10*t**2 - 8*t - 6. Let p(y) = -9*y**2 - 7*y - 5. Let m(f) = 6*d(f) - 7*p(f). Suppose 4*v = v + 3. Calculate m(v).
3
Let u(k) = -2*k**2 + 2 + k - 2. Let t = -326 + 325. Calculate u(t).
-3
Let o(u) = -8*u - 2. Suppose -14 = -3*k - 0*k - 5*s, 0 = -5*k + 3*s + 46. Suppose -2*p = k - 4. Determine o(p).
14
Let i = 16 + -11. Let r(x) = -x + 10. Let w(h) = 1. Let b(j) = r(j) - 4*w(j). Calculate b(i).
1
Let a(m) = 7*m**2 - 9*m**2 + m**3 - 5 - m**2. Determine a(4).
11
Suppose 3*y + n = 4*y - 7, 2*n - 4 = -y. Let a(b) = 4*b**2 + 15*b - 10. Let k(z) = 3*z**2 + 10*z - 7. Let q(w) = 5*a(w) - 7*k(w). What is q(y)?
-7
Let d(m) = -m**3 + 3*m**2 + 3*m - 4. Let j = 1 - 8. Let i(a) = -3*a - 9. Let f be i(j). Suppose 6*u = 2*u + f. Give d(u).
5
Let x = -7 - -12. Suppose 0 = -3*v - 2*s, 0*s - 9 = -3*v + s. Let y(g) = g + v - 2*g**2 - 1 + x*g**2 - g**3 + 4*g. Calculate y(4).
5
Suppose 14 = -4*n - 10. Let f be n/3*1/(-2). Let w be (-1)/(f*(-2)/4). Let y(v) = 2*v**3 - 3*v**2 + v - 1. Give y(w).
5
Let i(u) = u + 6 - 6*u - 5 + 6*u. What is i(1)?
2
Let v(n) = -6 + 3*n**2 + 2*n - 6 - 6 + 2*n**3 + 20. Calculate v(-2).
-6
Let g(b) = -4*b**2 + 8*b - 6. Let w(l) = -3*l**2 + 8*l - 6. Let t(p) = 2*g(p) - 3*w(p). What is t(6)?
-6
Let l be ((-2)/4 - 30/12) + 1. Let y(z) = 3*z**3 + 12*z**2 + z + 6. Let g(f) = 2*f**3 + 8*f**2 + f + 4. Let b(h) = 8*g(h) - 5*y(h). What is b(l)?
4
Let b(s) be the first derivative of -s**5/60 - s**4/4 + s**3/2 - 3*s**2 + 2. Let i(f) be the second derivative of b(f). Give i(-5).
8
Let r = -4 - -1. Let p(k) be the third derivative of k**6/120 + k**5/30 + 2*k**3/3 + 2*k**2. Determine p(r).
-5
Let u(i) be the first derivative of 3*i**2/2 - 4*i + 7. Calculate u(4).
8
Let y(g) = 8*g + 7*g**2 - 4*g**2 - 2*g**2 - 9*g**2 + g**3 + 10. Give y(7).
17
Let n(p) = -3*p. Let l(j) = -4*j. Let x(v) = -4*l(v) + 5*n(v). Calculate x(-5).
-5
Let a(i) = -4*i. Let c be 0 + (-8)/(-1 + -1). Let r be 5*1*(-2)/(-2). Suppose -c*h + r = 1. Give a(h).
-4
Suppose -2*u + 11 = 3. Let v(n) = -7*n + 2*n + 5 + 3*n**2 - 2*n**2. Calculate v(u).
1
Let p be ((-1 + 3)/2)/(-1). Let y = -4 - p. Let f(z) = 3*z + 4*z**3 + 7*z**2 - 3*z**3 + z**2 - 1 - 4*z**2. Give f(y).
-1
Let g(x) = -x + 0*x - 3283 + 3281. Calculate g(-2).
0
Let b(s) = -2*s - 2 - 3 + 9 + 2. Give b(8).
-10
Let q(a) = 1 - 3*a**2 - 2*a + 3*a**2 + a**2 - 2*a**2. Calculate q(-2).
1
Let d(o) = 7*o - 5. Let y(q) = -7*q + 5. Let h(j) = -4*d(j) - 5*y(j). Let r(n) = 13*n - 9. Let v(s) = -11*h(s) + 6*r(s). Calculate v(0).
1
Suppose -5*g - 7 = 13. Let n(u) = -3*u - 4. What is n(g)?
8
Let c = 14 + -6. Suppose -10 + 15 = -o. Let b = o + c. Let q(r) = -r**3 + 4*r**2 - 4. What is q(b)?
5
Suppose 0 = -u - 7 + 2. Let s be (14/(-3))/(14/(-21)). Let j(x) = s + x + 0*x + x. Give j(u).
-3
Let t(u) = u**2 + u. Let k(y) be the first derivative of y**4/2 + y**3 - y**2/2 - 2*y - 3. Let v be k(-2). Let z = 5 + v. What is t(z)?
2
Suppose 2*g - 42 = -2*v - 2*v, 3*g = v - 7. Suppose -6*s + s = -v. Let n(o) = o - o + 12*o**2 - 6*o**s + 1. What is n(-1)?
7
Let p(i) be the second derivative of -i**3/2 + 2*i**2 + 8*i. Calculate p(6).
-14
Let h be 2/(-3)*((-134)/16 - -8). Let f(m) be the first derivative of -m**3 + 3 + 2*m - h*m**4 - 1/2*m**2. Calculate f(-3).
5
Let n(o) = o - 8. Let j be (-2)/(-6) + 20/3. Let w(x) = -x**2 + 8*x - 7. Let c be w(j). Give n(c).
-8
Let q(i) = 5*i**2 - 2*i + 1 + 13*i + 8. Let u(s) = -3*s**2 - 6*s - 5. Let c(w) = -4*q(w) - 7*u(w). Let a(p) = 2*p**2 + 3*p. Let x be a(-2). Give c(x).
-1
Let u(y) = -2*y**3 + 4*y**2 - 3*y + 2. Let m = 21 - 19. Determine u(m).
-4
Let c(h) = 9*h - 1. Let d be -8 + 8 + 15/1. Let s = -14 + d. Give c(s).
8
Let w(o) = -17*o + 1. Let l(s) = -8*s. Let b(z) = -7*l(z) + 3*w(z). Let x(c) = -c + 4. Let j be x(4). Suppose j*p - 4 = 2*p. Give b(p).
-7
Let s be ((-1)/2)/((-1)/4). Let i(x) = 0 + x**3 - 11 + 4*x**s + 4*x**2 - x. Let q be i(-8). Let g(d) = -d**2 - 4*d - 1. Give g(q).
2
Let i(l) = -l**2 + 4. Let a be (-12)/(-4) - 0 - 3. Let d be i(a). Let z(r) = r**2 - 4*r + 1. Determine z(d).
1
Let d = 15 - 9. Suppose d = -u + 1. Let v(l) = 4*l + l**2 + 6 - 2 + 3*l. Give v(u).
-6
Let t(i) = i**2 - 6*i + 5. Let l = -1 + 1. Suppose -o = l, 2*o = -2*b + b + 5. Determine t(b).
0
Let i(y) be the third derivative of -y**6/120 + y**5/12 - y**4/8 + 7*y**3/6 + 4*y**2. Let m = -8 - -13. Determine i(m).
-8
Let r(d) be the third derivative of -d**4/24 - 8*d**2. Calculate r(-5).
5
Let c(q) = -q. Suppose 5 - 1 = -4*o. Let p be 1/(1/(-2))*o. Suppose 4*h = p*h + 4*m + 18, 2*m - 3 = -3*h. Calculate c(h).
-3
Let a(l) = -l**2 - 2*l - 9 + 5*l - l - 3*l. What is a(0)?
-9
Let n(m) = 4 - 3 - 2*m + 3 + 0. Suppose p = 3*g - 27, -5*p = -5*g + 26 + 29. Suppose -12 = -0*w + w - 4*l, 0 = 2*l - g. What is n(w)?
-4
Let d(r) = -r**3 - r**2 - 2*r - 3. Let q be d(-2). Let z(g) = 2 - q*g - 1 - 3. Calculate z(-2).
8
Let p(t) = 13 + 3*t - 13. What is p(2)?
6
Let q(i) = -2*i - 3. Let y = 6 + -3. Suppose 0 = -y*o - 1 - 5. What is q(o)?
1
Let q(t) = t**2 + 3*t - t**2 - 2*t**2 + 3*t**2 - 1. Let g be ((-1)/(-2))/(4/(-24)). Give q(g).
-1
Let h(f) = -2*f - 167*f**2 + 87*f**2 + 86*f**2. What is h(-2)?
28
Let y = 12 - 18. Let u(l) = -l**3 - 5*l**2 + 6*l + 2. Determine u(y).
2
Let s(o) = o**2 - 2. Let y be 3/12 + 6/8. Suppose -2*c + c + 4 = -2*v, 2*c + y = -5*v. Give s(c).
2
Let w(y) = y**3 + 5*y**2 + 2. Let x be w(-5). Suppose x + 3 = 5*m. Let v(d) = -8*d**2 + 2*d - 1. Calculate v(m).
-7
Let p be (-3)/(-6) + 18/(-4). Let h be (-12)/16*p/(-1). Let m(x) = -x**2 - 4*x + 1. Calculate m(h).
4
Let w(l) = l**3 - 3*l**2 + 2*l + 1. Let a(z) = z - 2. Let h be a(-3). Let k = h + 8. Calculate w(k).
7
Let p(r) = 4*r + 2. Let z be 3/((-7)/((-14)/(-3))). Calculate p(z).
-6
Let i(x) be the second derivative of -x**3/3 - x**2 - x. Give i(3).
-8
Let c = 18 - 12. Let l(t) = -5*t**3 - t**2 + 2*t + 2. Let j(k) = -4*k**3 - 2*k**2 + 3*k + 1. Let m(g) = -6*j(g) + 5*l(g). Determine m(c).
-8
Let u(q) = q**2 - 15*q + 29. Let v be u(13). Let z(i) = i**3 - 4*i**2 + 5*i - 4. Give z(v).
2
Let w(m) = 7*m**3 - 3*m**2 + 2*m - 2. Let h(f) = -f**3. Let r(o) = 6*h(o) + w(o). Let k be r(2). Let l(j) = 3*j**2 + j + 1. Give l(k).
11
Let a(c) = -c**2 + 6*c - 1. Let y(b) = -3*b**2 - 3*b + 2*b**2 + 0*b**2 - 1 + 9*b. Let j(d) = 3*a(d) - 4*y(d). Give j(5).
-4
Suppose 2 = -17*x + 15*x. Let o(m) = -6*m - 1. Determine o(x).
5
Let i be ((-42)/(-49))/(1/7). Let l(u) = 2*u - 2. Give l(i).
10
Suppose 0 = -5*r - 4*o - 8 + 2, 0 = -5*r + 2*o - 12. Let j(i) = -i**3 - 2*i**2 - 3*i - 1. Determine j(r).
5
Let b(j) be the third derivative of j**5/120 - j**4/24 - j**3/6 - j**2. Let a(z) be the first derivative of b(z). Let d = -22 + 22. What is a(d)?
-1
Let l(a) be the second derivative of a**3/6 - 2*a**2 - 3*a. Let f be l(2). Let h(x) = x**2 - 3*x - 3. Give h(f).
7
Suppose -t + 5 = 2*k, -7*t - 5*k + 20 = -2*t. Let f(i) be the third derivative of -1/12*i**5 + 5/6*i**t + 1/120*i**6 + 1/12*i**4 + 0 + i**2 + 0*i. What is f(4)?
-3
Let i(g) = 12*g**3 - g**2. Let o(n) = -n**2 - 4*n + 20. Let y be o(-7). Calculate i(y).
-13
Let t be 0 + 2 + (-6)/3. Let o(c) be the third derivative of 0*c**5 + 0*c - 2*c**2 + 4/3*c**3 - 1/24*c**4 - 1/120*c**6 + 0. Determine o(t).
8
Let o(a) = -3*a**3 + 2*a - 1. Let i be o(1). Let j(l) = -3*l**3 - 2*l**3 + 1 + 7*l**3 - l**2 - 3*l**3. Determine j(i).
5
Let q(b) = 10*b - 3. Let z(a) = a - 1. Let l(i) = -q(i) + 4*z(i). Let d be l(-1). Let j(w) = w - 3. Give j(d).
2
Let u(w) = 2*w**2 - 64*w - w**2 - 3 + 68*w. What is u(-6)?
9
Let j(r) = -16 - r + 15 + 2*r. Calculate j(